at is 17 + -20 - (1 + 2)?
-6
What is -3 + 4 + 0 + -6?
-5
What is -1 + (-1 - 0) - -2?
0
What is the value of 7 + 6 + -6 + -4?
3
What is -6 - (-9 - (3 + -10))?
-4
What is the value of 5 + 3 + (-5 - -3)?
6
Calculate -9 - -9 - (-2 + 5 - 1).
-2
-3 + (3 - -1) - -4
5
What is the value of -16 - -10 - -9 - (-3 + 12)?
-6
Calculate 1 + 1 + (-4 + 15 - 4).
9
-2 + (-4 - (-14 - -4))
4
Evaluate -5 - -8 - 8 - 0.
-5
What is -1 + (6 - 2 - -1) + -2?
2
What is 1 + -2 + 0 + (88 - 84)?
3
What is the value of 4 - (1 + -1 - -3)?
1
2 + 7 + -7 - 0
2
12 - 1 - (-12 - -18)
5
Evaluate -6 + 6 - (-5 + (6 - 0)).
-1
What is -7 - 0 - (126 - 132)?
-1
What is -3 - 0 - (4 + -4)?
-3
Evaluate 1 - (-4 + (0 - -6) + -1).
0
Evaluate -1 - 3 - 6 - -9.
-1
Calculate 5 + -1 - (-6 + (5 - -1)).
4
Evaluate 1 - (13 + -8 + -4 + -2).
2
Evaluate -3 - (3 + -7 + (-1 - -1)).
1
What is the value of 5 + (-3 - (6 + -6))?
2
Evaluate 0 - (4 + (-4 - -2)) - -3.
1
Calculate -8 + 1 - (-11 + -2 + 8).
-2
Calculate -4 - 3 - ((12 - 11) + -5).
-3
What is the value of (0 - -3 - -4) + -3?
4
Evaluate -18 + 15 + 2 + -6.
-7
What is the value of (2 - -1) + 0 + (1 - 2)?
2
Calculate -7 + 8 + (4 - 3) + -4.
-2
((-1 - -1) + -1 - 0) + -5
-6
Evaluate 4 - (6 - (10 + -5)).
3
(5 - 2) + (-6 - (1 + -4))
0
2 + (-2 - 1) - 3 - -6
2
-2 + (-4 - -6 - -1)
1
Evaluate 4 - -3 - (-3 - -6 - 0).
4
What is -1 - ((-5 - -1) + -1)?
4
Calculate (-3 - -8) + (2 - 7).
0
Evaluate (5 - -1) + (56 - 68).
-6
4 + -1 + -4 + 4
3
What is the value of 1 - 2 - (0 - -2) - -7?
4
Evaluate 9 + (-11 - (-2 - -1)).
-1
What is the value of 7 + (-11 + 4 - 3)?
-3
Calculate -8 - -1 - ((3 - 2) + -12).
4
-2 + 7 - (7 - (4 - 1))
1
What is the value of (3 - 1) + -1 + -5 - -1?
-3
Evaluate -1 + 1 + -2 + 2.
0
What is -1 - (3 - (-8 + 6))?
-6
What is the value of 19 + -21 + 2 + -3 + -1?
-4
-2 - (-4 - 0 - -2)
0
4 + (-2 - (3 + -1) - 0)
0
What is (-3 - -9) + -3 + 7 + -11?
-1
Evaluate 0 + 6 - (6 - 5).
5
Calculate 2 - (8 + -14) - 10 - 6.
-8
7 + (-4 - -3) + -1 + 2
7
Calculate 2 + -13 - (-3 - (-13 + 16)).
-5
What is the value of 3 + -2 - (1 + -7 + 6)?
1
What is 5 - (3 - 7) - 5?
4
What is 0 - ((-14 - -1) + 9)?
4
Evaluate -7 + (-1 + 3 - -4).
-1
Evaluate (-8 - (-1 + -6 - 2)) + -2.
-1
What is the value of 2 + (-3 + 4 - 3)?
0
What is the value of (16 - 6) + (-1 - 1)?
8
Evaluate (-5 - -7) + 3 + -14.
-9
(-8 + 12 - 3) + -1 + 5
5
Calculate -8 + 4 - -9 - 1 - 0.
4
Calculate 17 + -21 - (-1 + 1).
-4
Evaluate 4 + 0 + -7 + 4.
1
What is the value of 3 + (-2 - 5) + 2?
-2
What is the value of 4 - (-4 - (-10 + -5)) - -3?
-4
What is -1 - (-3 - 0) - 4?
-2
What is 7 - (3 + (0 - -2) + -3)?
5
What is -7 + 6 + 7 + -2?
4
Calculate 2 - 4 - ((-4 - -8) + -6).
0
Calculate (4 - 4) + (13 - 23).
-10
What is the value of (3 - (2 - -13)) + (12 - 8)?
-8
What is (1 - 9) + 5 + (0 - 2)?
-5
Evaluate 5 + (-10 - -7) + 0 + -6.
-4
What is the value of 27 - 24 - (2 - -3)?
-2
Calculate -8 + 4 + -2 - (11 + -12).
-5
Evaluate -1 + -3 - (-11 + 5 + -5).
7
What is (-1 + 7 + -1 - -2) + -2?
5
What is the value of 7 + (5 - 7) + -1 + -2?
2
Evaluate (-5 - (7 - 23)) + -9.
2
Calculate 2 + 4 + -6 + 3.
3
Calculate (5 - 1) + -7 + -9 + 16.
4
Evaluate 3 + -4 + 5 - (-2 + 2).
4
2 + (10 - (3 - -6))
3
What is (2 - -1) + 0 - 8?
-5
What is the value of (18 - 14) + (0 - 3)?
1
What is the value of (-1 - (-8 + 3)) + (4 - 3)?
5
6 - (0 + (-7 - -11)) - 7
-5
What is (0 - 4) + (46 - 47)?
-5
What is the value of 0 + -1 + -5 + 13 + -4?
3
What is the value of -5 + (3 - -5) + -2?
1
Evaluate (-1 - 1) + 1 - -1 - -3.
3
Calculate -8 - (-7 - -8) - -3.
-6
What is 8 + -15 + -6 + 9?
-4
Calculate 2 - (5 + (-2 - -3)).
-4
Calculate -2 + (2 - (8 + -3 - 0)).
-5
What is the value of (-10 - -13) + -9 - -2?
-4
Calculate 5 - 1 - (-1 + 0).
5
Calculate (0 + (0 - -3) - 2) + 3.
4
What is -5 - -17 - 6 - 5?
1
Evaluate 0 + (-3 - (4 - 6)).
-1
Evaluate 1 + 3 - 5 - (-2 - -1).
0
What is the value of 10 + -10 - (3 - (-3 + 12))?
6
What is the value of -1 + -1 + 0 - (35 + -37)?
0
Evaluate -1 + -2 + 1 + 3.
1
Evaluate (-2 - -8) + (8 - 16).
-2
Calculate 0 - ((-1 - -4) + (8 - 12)).
1
What is -19 - (-5 + (-9 - -2))?
-7
-2 + 5 + -2 - 6
-5
Calculate 13 + (4 - 9) - -1.
9
(7 - (-5 - (-5 - 2))) + -3
2
Evaluate (-3 - (-8 - -4)) + (-12 - -17).
6
What is the value of 8 + (-23 - -8) - -8?
1
0 - (10 + (-12 - 0))
2
7 + -4 + -3 - -5
5
Calculate (-4 - -1) + -5 - -13.
5
What is 1 - (3 + -11 - -2)?
7
What is (-3 - (2 - 0)) + 2?
-3
What is 1 + 1 + -1 + 1?
2
What is 3 + -1 + (13 - 14)?
1
What is (-8 - (8 + -12)) + 12?
8
Evaluate -1 - 0 - (-25 - -10 - -9).
5
What is the value of -6 + 0 + -1 - (258 + -262)?
-3
Calculate -12 + (-13 - (-15 - 9)).
-1
What is the value of -9 - (-11 - -18 - 19)?
3
What is 2 + -2 - (-7 + 5)?
2
What is 0 - (5 + -2 + 0) - -2?
-1
Evaluate -4 - (6 + -8 + -4).
2
What is 2 + -13 + 7 - -3?
-1
What is 7 - (0 - (-3 - 1))?
3
Calculate (2 - 0) + 7 + -10 + -3.
-4
Evaluate (137 - 127) + (-1 - (4 + 0)).
5
-4 + 5 + 0 - (-6 - -11)
-4
Calculate -16 - -17 - (4 - 0).
-3
What is -3 + (-2 - -4) - (4 + -2)?
-3
Calculate -5 + 1 + 1 + 4.
1
Evaluate 9 + (-9 - (2 + -7)).
5
What is the value of 9 - (5 - 1) - 6?
-1
Calculate (-1 - -2) + 0 + (5 - 1).
5
Calculate -1 - 1 - ((4 - 2) + -5).
1
What is the value of -9 - 3 - -10 - (1 + -1)?
-2
What is 15 + -1 + -7 + -4?
3
What is the value of (-2 - (2 - 4)) + (5 - 0)?
5
Calculate (-6 - -6) + 6 + -10.
-4
What is the value of (5 - 5) + 1 + 3?
4
Evaluate 15 + (-12 - -4) - 12.
-5
Evaluate (23 - 23) + (4 + -2 - -5).
7
What is -5 + (0 - 0 - 2) + 2?
-5
What is -6 + 5 + -1 + (-3 - -5)?
0
What is the value of -3 + 4 + -5 + 2?
-2
What is the value of 1 + 4 - (-5 - -8)?
2
(4 - 1) + (-1 - -1)
3
(6 - 2) + 2 + (0 - 3)
3
-7 + 4 + -2 + (-3 - -8)
0
2 + 0 - 0 - (-5 + 6)
1
What is the value of -3 + -3 - (-4 - 0) - -5?
3
What is the value of (-9 - 1) + 18 + -8?
0
Evaluate (5 - (5 + -5)) + -4.
1
Evaluate -10 + 0 + (-14 - -30).
6
Evaluate 1 - (-1 + -4) - 4.
2
Calculate 3 - ((2 - 3) + 3 - 2).
3
Calculate (-6 - -2) + 4 + (-2 - -2).
0
What is the value of -1 + (3 + 0 - -2) + -1?
3
What is the value of 5 + (-2 - (1 + 7))?
-5
Evaluate (0 - (1 + 4)) + 8 + -4.
-1
1 - (7 - -1) - (4 + -6)
-5
2 + -1 - (-10 - -9)
2
Evaluate (-2 - 7) + -3 - -5.
-7
What is -6 - (9 + -2 - 11)?
-2
What is 3 - (-5 - -1) - (9 - 11)?
9
What is 2 + (-6 + -1 - -7)?
2
What is the value of -3 + (-6 + 14 - 3) - 4?
-2
Calculate (-4 - -8) + 2 + -1 + -1.
4
Calculate -10 - -19 - (-4 - -14).
-1
-2 + 4 + -4 + 4
2
What is the value of (-7 + 6 - -5) + -5?
-1
Evaluate (-8 - (3 + -3)) + 7 - -10.
9
-2 - (-1 + 0 - (3 - 0))
2
Evaluate -8 - (8 - 19) - (2 + 2).
-1
What is -2 + (-7 - -8 - 1)?
-2
What is the value of -22 + 19 - (1 - 3)?
-1
Evaluate -1 - 1 - (4 + (4 - 6)).
-4
What is (1 - (12 + -6 + -7)) + -6?
-4
Calculate 4 + ((-3 - -1) + 0 - 3).
-1
What is the value of 3 - (3 - 2) - -1?
3
Evaluate 0 + (5 - 1) + -8.
-4
-5 - (-1 - (4 + -3)) - -5
2
0 - ((2 - 7) + 11 + -3)
-3
-1 + -4 + (24 - 21)
-2
Calculate 19 + -23 + (0 + -1 - -5).
0
Calculate -6 - (-3 + 2) - (1 + -6).
0
-3 + (2 - -15) + -9
5
Evaluate -3 - (7 + -6 - -3).
-7
What is -1 + (6 - 10 - -9)?
4
Calculate (-4 - -1 - -1) + -2.
-4
What is the value of 6 + -7 - 1 - -9?
7
What is the value of (-40 - -48 - (9 - 2)) + 7?
8
What is 3 + -2 + 1 - 5?
-3
0 - -1 - -2 - 3
0
What is 1 + -3 + 1 + -1 + -2?
-4
Calculate -13 + (26 - 0) + -7.
6
What is the value of 11 + -10 + 1 + -3?
-1
(17 - 15) + (-9 + 1 - -3)
-3
Evaluate -4 + 2 + 0 + 1 + 3.
2
Calculate 5 + (2 + 2 - (8 - 6)).
7
What is the value of 2 + -1 + -3 + 4 + -4?
-2
Evaluate (2 + 7 - 7) + 3.
5
Calculate (-2 - -8) + (-5 - -6) + -8.
-1
Evaluate 9 + (7 - 6 - 8).
2
What is the value of (3 - 2) + -1 - (-9 + 6)?
3
Calculate 0 - (-4 - (0 + 3 - 6)).
1
What is the value of 6 - (-11 - -5 - -2)?
10
What is the value of 0 - (5 - (11 + 4))?
10
What is the value of -6 + -3 + 1 + 4 + 2?
-2
Calculate (4 - (3 + 2)) + 9 + -6.
2
What is the value of 0 + 1 + (1 - (14 + -7))?
-5
Evaluate 15 + -4 - (18 - -1).
-8
Evaluate -2 - ((-9 - -1) + 4 + -2).
4
Evaluate -3 + 7 + 3 + -13.
-6
What is -2 + 7 + -4 - (-1 - -4)?
-2
Calculate -7 - (12 + -4 - 8).
-7
1 + 1 + -9 + 5 + -1
-3
Evaluate 7 - ((-1 - (-1 + -2)) + 0).
5
Evaluate -2 + (-1 - -2 - -1).
0
What is the value of (-5 - -18) + -11 - 9?
-7
What is the value of 0 - 2 - -2 - (-3 - -3)?
0
What is the value of 0 + 1 + 2 + (-87 - -83)?
-1
Eva